c + 9084. List the prime factors of m.
13, 233
Suppose -300*l + 319*l = 4902. What are the prime factors of l?
2, 3, 43
Let x(y) = -65*y**2 + 1. Let a be x(-1). What are the prime factors of (-4)/(a/780) - (-3)/12?
7
List the prime factors of 1162 + 2 + (-5 + -2)*1.
13, 89
Let x(d) = -4*d**2 + 2. Let f(l) = 7*l**2 - 1 - 3 - 1. Let u(q) = 3*f(q) + 5*x(q). What are the prime factors of u(6)?
31
Let u(n) = -42*n**3 + n**2. Let g be u(-1). Let x = -20 + g. List the prime factors of x.
23
Let v(j) = j**3 + 5*j**2 - 2*j + 1. Let p be v(-5). Let o = p - 9. Suppose -d - o*y + 17 = 3*y, -3*y = 6. List the prime factors of d.
3
Suppose 0 = 4*w - 2*w - 14. Suppose -5*m - 97 = -w. What are the prime factors of (-3)/m + (-70)/(-12)?
2, 3
Let w(y) = y**2 + y + 3. Let g be w(-3). Let l be ((-4)/(-12))/(1/g). Suppose l*h - 64 = h. What are the prime factors of h?
2
Let r(f) = f**3 - 2*f**2. Let l be r(2). Suppose q - 17 = -l*q. Suppose y - q = -2*g, 0*y - 4*y - 4*g + 80 = 0. What are the prime factors of y?
23
Suppose -4*v + z = 5*z - 15348, 2*v = -4*z + 7666. List the prime factors of v.
23, 167
Let v = 45 + -40. Let m(r) = r**2 + 2*r**2 + 0*r**2 - r - 2 - 2*r. List the prime factors of m(v).
2, 29
Let k(c) be the first derivative of -1/4*c**4 - 10/3*c**3 - 13/2*c**2 + 3 - 9*c. What are the prime factors of k(-9)?
3
Suppose f - t - 98 = 0, -5*t + 17 = 5*f - 483. List the prime factors of (f/(-36))/((-2)/56).
7, 11
What are the prime factors of 163*(0 + (2 - -3)) - 0?
5, 163
Let o(h) = h**3 + 22*h**2 - 24*h - 5. Let s be o(-23). List the prime factors of ((-3)/(s/(-236)))/((-4)/(-6)).
59
Suppose 2*v - v - 3 = 0. Let w = v - -1. What are the prime factors of -1 - -2 - (-8)/w?
3
Suppose -29*z - z = -45150. What are the prime factors of z?
5, 7, 43
Let z(n) = -4*n**3 + 108*n**2 - 9*n + 51. What are the prime factors of z(26)?
2521
Suppose 4*t - 6 = q - 4*q, q - 3*t = 2. Suppose 6 + 40 = q*a. What are the prime factors of a?
23
Let w = 115 - 54. Suppose -64*f + 69 = -w*f. List the prime factors of f.
23
Let w(z) be the second derivative of z**6/240 + 3*z**5/40 - z**4/6 - 7*z. Let g(d) be the third derivative of w(d). List the prime factors of g(8).
3, 11
Suppose 4*h = 8*h - 8. Let z(x) be the second derivative of 7*x**4/12 - x**3/3 - x**2 - 3*x. List the prime factors of z(h).
2, 11
Let i(z) = 1. Let y(q) = -4*q + 2. Let u(d) = 2*i(d) - y(d). List the prime factors of u(4).
2
Let s(a) = -a**3 - 7*a**2 - 9*a + 1. Let l = 16 - 24. Let i be s(l). Suppose 2*o + 3*d + 0*d = i, 3*o = -d + 188. What are the prime factors of o?
61
Suppose -5*y = -3*w + 25, -y + 15 + 6 = 2*w. Suppose 0 = 2*r + 3*r - w. Suppose r*l + 5*p - 44 = 0, 0 = l + 5*p + 11 - 33. What are the prime factors of l?
2, 11
Let k = 35 + -90. What are the prime factors of -14*(k/10 + 5)?
7
Suppose -6*y + 11*y = 0. List the prime factors of y + 120 + (-3)/((-9)/(-12)).
2, 29
Let k be 0/4 - (3 + -13). Suppose -5*j + k + 0 = 0. Suppose j*r + 234 = 8*r. List the prime factors of r.
3, 13
Let d = 1287 - 715. List the prime factors of d.
2, 11, 13
Let y(k) = -6*k**3 - 5*k**2 + 6*k - 2. What are the prime factors of y(-4)?
2, 139
Suppose -o = -f + 11 + 6, -4*f - 2*o = -74. Suppose 0 = 3*q - 0*q + f. What are the prime factors of 426/10 + q/(-15)?
43
Suppose 5*w - 2*w = 3, a - 4*w = 3444. List the prime factors of a.
2, 431
Let f be 12/((-48)/(-20) - 2). Let w be (-1)/(2*3/(-108)). Let j = f - w. List the prime factors of j.
2, 3
Suppose 5*k - 919 = -3*y, 0 = -4*k - 3*y + 459 + 278. List the prime factors of k.
2, 7, 13
Let m(l) = -l**3 - l**2 - 1. Let f be m(0). Let t = f - 1. List the prime factors of t/11 + 1200/66.
2, 3
Suppose 28*n + 4125 = 31*n. Suppose -66*s = -61*s - n. List the prime factors of s.
5, 11
Suppose 2*u - 7 - 33 = 0. What are the prime factors of (-3)/(-2)*u/15*24?
2, 3
Let b = 4 - 0. Let v = 1 - b. What are the prime factors of 1 - (-1)/(-1) - v?
3
Let z = 96 - 41. Suppose -5*y - 15 = 0, z = -5*k - 4*y + 618. List the prime factors of k.
5, 23
Let d(m) = 2*m**2 + 4*m + 79*m**3 + 0*m**2 + 2 + 0*m**2 - 7*m. List the prime factors of d(1).
2, 5
Suppose 12*o - 28 = 5*o. Suppose -736 = -4*s - o*i, 4*s - 2*i - 790 = -24. List the prime factors of s.
3, 7
Let v(u) = -2*u + 2 - 4*u + 4*u - 6. Let s be v(-2). Suppose -4*d + 3*j + 122 = s, 3*d - 79 = 4*j + 16. What are the prime factors of d?
29
Suppose -7*v + 1008 = -3*v. Suppose -3*g - v = -4*i + i, g - 3 = 0. Let c = i - 38. What are the prime factors of c?
7
Suppose 3*v = s - 15, 2*s + 3*v - 5*v - 18 = 0. List the prime factors of 16/(-24) - (-232)/s.
2, 19
Suppose -30*l + 35*l + 10 = 0, -4*x + 3*l = -1622. What are the prime factors of x?
2, 101
Suppose -4*h - 5*m + 1680 = -3766, 2*h - 3*m = 2734. What are the prime factors of h?
2, 11, 31
Let d(y) = 12*y**2 - y + 1. Let f = -13 - -6. Let x(h) = h**2 + 6*h - 6. Let t be x(f). List the prime factors of d(t).
2, 3
Suppose w + 115 - 542 = 0. List the prime factors of w.
7, 61
Let m = 5 - -33. Suppose -42*g + m*g + 120 = 0. List the prime factors of g.
2, 3, 5
Suppose -5*z = -18*z - 884. Let p = z + 159. List the prime factors of p.
7, 13
Suppose -m + 17 = 5. Let x = m + -6. What are the prime factors of (-1*3)/(x/(-64))?
2
Let v = 338 + -203. Suppose -8*f + 5*f = -v. What are the prime factors of f?
3, 5
Let k = -4519 - -8139. What are the prime factors of k?
2, 5, 181
Let d = 352 - 284. List the prime factors of d.
2, 17
Let z(l) = -9*l - 11. Suppose 16*a - 42 = 13*a. Let r be z(a). Let t = r - -197. List the prime factors of t.
2, 3, 5
Let b(t) = 8*t**2 - 6*t - 49. What are the prime factors of b(-9)?
653
Suppose -4*w + 4*z + 7 = z, 3*w = 2*z + 4. Let t(i) be the first derivative of 7*i**3/3 + 3*i - 1. List the prime factors of t(w).
31
Let n(m) = 4*m**2 - 3*m - 2. Suppose 2*p + 4*f + 1 = -3, 4*p - 4 = -4*f. List the prime factors of n(p).
2, 5
Let d(h) = -h**3 - 2*h**2 + 5 + 2*h + 0*h**3 - 3. Let p be d(-2). Let q(f) = -4*f**3 - 2*f**2 + f - 1. What are the prime factors of q(p)?
3, 7
Suppose 0 = 2*v - 5*p - 138, -5*v + 330 = -p - 4*p. Suppose -v - 8 = -o. Suppose 2*u + 2*f - 124 = 6*f, u - 4*f = o. List the prime factors of u.
2, 13
Suppose 0 = 19*s - 24*s + 2410. What are the prime factors of s?
2, 241
Suppose -4*a + 4 = 5*c + 72, -2*a = 4. Let n = -11 - c. Suppose 3*b = -2*y, n = 2*y + 2*b - 1. What are the prime factors of y?
3
Let s = -61 + 65. Suppose s*t + 0*f = f + 204, 2*f = 8. What are the prime factors of t?
2, 13
Suppose 3*c - 91 = -2*a + 585, -2*c = 2*a - 680. List the prime factors of a.
2, 43
Suppose -6*g = 32*g - 19722. List the prime factors of g.
3, 173
What are the prime factors of 7/14*3058*(2 + -1)?
11, 139
Let h = 502 - -480. List the prime factors of h.
2, 491
Suppose -983 - 5512 = -15*o. Suppose -1438 + o = -5*f. What are the prime factors of f?
3, 67
Suppose 32 = -0*j - 4*j. What are the prime factors of 2*(20/j - (-1 - 3))?
3
Let n be 141/45 - (-6)/(-45). Suppose -a = 2*b - 281, -4*b + 705 = 3*a - 142. Suppose -5*c + 10*w = 5*w - a, -n*w = -c + 65. List the prime factors of c.
53
Let j(n) = n**3 + 12*n**2 + 12*n - 9. Suppose 5*k + 15 = -2*g - 40, -k - g = 11. Let v be j(k). What are the prime factors of 5/v + (-37)/(-4)?
3
Let x = -83 - -110. Let m = 65 - x. What are the prime factors of m?
2, 19
Let y = -157 + 484. Suppose 0 = 6*o - y - 99. List the prime factors of o.
71
Let s be (-34)/(-153) - (-169)/9. Suppose 5*z - w = s, -5*z - 3*w + 3 + 0 = 0. Suppose -2*h + 2*i = z*h - 40, -27 = -2*h + 3*i. What are the prime factors of h?
2, 3
Let r(h) = -5*h + 4. Let y be r(3). Let w = -4 - y. Suppose w = 3*z - 74. What are the prime factors of z?
3
Suppose 0*l + 12 = 6*l. Suppose -l*u + 4*u = 0. Suppose 4*g - 2*g - 88 = u. List the prime factors of g.
2, 11
Let d be 26*4/8 + -1. Suppose s = 3*x + d, -2*s - x - 9 = 4*x. Suppose 2*z + s*j = 41, z + 3*j = 3*z - 47. What are the prime factors of z?
2, 11
Suppose 0*r - 177 = -3*r. Let h = 96 - r. Suppose 0*c = -c - 5*j + 1, 0 = -2*c - 3*j + h. List the prime factors of c.
2, 13
Let j(f) be the third derivative of -f**5/60 + f**4/12 + f**3/3 + 4*f**2. Let n be j(0). Suppose g - 19 = -n. What are the prime factors of g?
17
Let r = 8 - -1. Suppose 2*v - i - r = -0*i, 3 = -v - i. Suppose 116 = 5*g - v*f, -g = 2*f - 3*f - 25. What a